{"id":519,"date":"2025-02-13T21:41:05","date_gmt":"2025-02-13T21:41:05","guid":{"rendered":"https:\/\/santarembasket.pt\/main\/?page_id=519"},"modified":"2025-02-13T21:47:01","modified_gmt":"2025-02-13T21:47:01","slug":"historia","status":"publish","type":"page","link":"https:\/\/santarembasket.pt\/main\/historia\/","title":{"rendered":"Hist\u00f3ria"},"content":{"rendered":"<p>[et_pb_section fb_built=&#8221;1&#8243; _builder_version=&#8221;4.3.2&#8243; background_enable_image=&#8221;off&#8221; collapsed=&#8221;off&#8221;][et_pb_row _builder_version=&#8221;4.3.2&#8243; background_size=&#8221;initial&#8221; background_position=&#8221;top_left&#8221; background_repeat=&#8221;repeat&#8221; custom_margin=&#8221;100px||100px||false|false&#8221;][et_pb_column type=&#8221;4_4&#8243; _builder_version=&#8221;3.25&#8243; custom_padding=&#8221;|||&#8221; custom_padding__hover=&#8221;|||&#8221;][\/et_pb_column][\/et_pb_row][\/et_pb_section][et_pb_section fb_built=&#8221;1&#8243; _builder_version=&#8221;4.3.2&#8243; background_image=&#8221;https:\/\/santarembasket.pt\/main\/wp-content\/uploads\/2025\/02\/Painel-1200.png&#8221; collapsed=&#8221;off&#8221;][et_pb_row _builder_version=&#8221;4.3.2&#8243; background_size=&#8221;initial&#8221; background_position=&#8221;top_left&#8221; background_repeat=&#8221;repeat&#8221; custom_margin=&#8221;100px||100px||false|false&#8221;][et_pb_column type=&#8221;4_4&#8243; _builder_version=&#8221;3.25&#8243; custom_padding=&#8221;|||&#8221; custom_padding__hover=&#8221;|||&#8221;][\/et_pb_column][\/et_pb_row][\/et_pb_section][et_pb_section fb_built=&#8221;1&#8243; _builder_version=&#8221;4.3.2&#8243; custom_padding=&#8221;16px|||||&#8221; collapsed=&#8221;off&#8221;][et_pb_row column_structure=&#8221;1_5,3_5,1_5&#8243; _builder_version=&#8221;4.3.2&#8243;][et_pb_column type=&#8221;1_5&#8243; _builder_version=&#8221;4.3.2&#8243;][\/et_pb_column][et_pb_column type=&#8221;3_5&#8243; _builder_version=&#8221;4.3.2&#8243;][et_pb_text _builder_version=&#8221;4.3.2&#8243;]<\/p>\n<h1 style=\"text-align: center;\">HIST\u00d3RIA<\/h1>\n<p>[\/et_pb_text][et_pb_text _builder_version=&#8221;4.3.2&#8243;]<\/p>\n<h3 style=\"text-align: center;\"><span style=\"font-size: 14px; text-align: left; color: #666666; font-family: Exo, Helvetica, Arial, Lucida, sans-serif; font-weight: 500;\">\u00a0<\/span><\/h3>\n<p style=\"text-align: justify;\">O Basquetebol foi no passado uma das modalidades desportivas mais praticadas e com mais sucessos obtidos na Cidade, nomeadamente atrav\u00e9s do dinamismo ent\u00e3o patenteado, nomeadamente com os Empregados de Com\u00e9rcio de Santar\u00e9m e a Associa\u00e7\u00e3o Acad\u00e9mica de Santar\u00e9m. No entanto s\u00f3 em 1986 e ap\u00f3s v\u00e1rios anos de aus\u00eancia do Basquetebol como pr\u00e1tica organizada, a modalidade voltou \u00e0 Cidade.<\/p>\n<p style=\"text-align: justify;\">E foi no seio da Uni\u00e3o Desportiva de Santar\u00e9m que se deu a reimplanta\u00e7\u00e3o do Basquetebol primeiro com a introdu\u00e7\u00e3o desta modalidade no Clube e a 26 de Junho desse ano com a constitui\u00e7\u00e3o formal da Sec\u00e7\u00e3o de Basquetebol.<\/p>\n<p style=\"text-align: justify;\">Na \u00e9poca 1986\/87 o Clube inscreve-se pela primeira vez em provas oficiais tendo inclusiv\u00e9 participado nesse ano no Campeonato Nacional Masculino da III\u00aa Divis\u00e3o e logrado obter\u00a0\u00a0a subida \u00e0 II\u00aa Divis\u00e3o.\u00a0\u00a0<\/p>\n<p style=\"text-align: justify;\">A dedica\u00e7\u00e3o e o esfor\u00e7o de alguns, durante muitos anos possibilitou o crescimento da modalidade e tornou-a numa das bandeiras desportivas da cidade de Santar\u00e9m, fruto de anos d\u2019ouro onde a Uni\u00e3o Desportiva de Santar\u00e9m conseguiu obter v\u00e1rios t\u00edtulos Nacionais com especial destaque para os Campeonatos Nacionais da 1\u00aa Divis\u00e3o Feminina em 1992\/93 e 1995\/96, para as Ta\u00e7as de Portugal em 1992\/93, 1993\/94, 1996\/97 e 1997\/98 e o Campeonato Nacional de Cadetes Femininos em 1991\/92.<\/p>\n<p style=\"text-align: justify;\">No entanto e dadas as dificuldades em que a Uni\u00e3o Desportiva de Santar\u00e9m estava a viver, tornou-se cada vez mais problem\u00e1tica a manuten\u00e7\u00e3o desta modalidade na estrutura organizativa daquele Clube, fundamentalmente porque o Basquetebol continuava com sede de crescimento.<\/p>\n<p style=\"text-align: justify;\">E assim em 12 de Agosto de 1998, d\u00e1-se o inevit\u00e1vel \u2013 um grupo de pessoas, origin\u00e1rias da ent\u00e3o Sec\u00e7\u00e3o de Basquetebol da Uni\u00e3o Desportiva de Santar\u00e9m, lideradas por um vasto numero de pais de jovens que vinham fazendo a sua forma\u00e7\u00e3o desportiva nesta modalidade, apercebendo-se que era necess\u00e1rio alterar a situa\u00e7\u00e3o existente por forma a que a modalidade continuasse a ter a sua \u00e1rea de interven\u00e7\u00e3o, decidiu constituir atrav\u00e9s de escritura p\u00fablica este novo Clube, exclusivamente virado para a pr\u00e1tica do Basquetebol. E j\u00e1 na \u00e9poca desportiva 1998\/99 o Santar\u00e9m Basket participa pela primeira vez nas competi\u00e7\u00f5es federadas, com escal\u00f5es de forma\u00e7\u00e3o apenas.<\/p>\n<p style=\"text-align: justify;\">Mais tarde a 15 de Junho de 2000 o Santar\u00e9m Basket adquire \u00e0 Uni\u00e3o Desportiva de Santar\u00e9m todos os direitos desportivos que o mesmo detinha ainda no Basquetebol Senior Feminino.<\/p>\n<p style=\"text-align: justify;\">Por tal facto, \u00e9 esta \u00e9poca que consideramos ser a de emancipa\u00e7\u00e3o da modalidade e a \u00e9poca de afirma\u00e7\u00e3o do Clube, abrindo-se assim o espa\u00e7o necess\u00e1rio para que o mesmo inicie a implementa\u00e7\u00e3o da filosofia para que foi criado: formar jovens para a pr\u00e1tica do basquetebol na cidade e na regi\u00e3o de Santar\u00e9m, assim como integrar-se na vida comunit\u00e1ria da mesma, atrav\u00e9s da realiza\u00e7\u00e3o de outras atividades socioculturais.<\/p>\n<p>[\/et_pb_text][\/et_pb_column][et_pb_column type=&#8221;1_5&#8243; _builder_version=&#8221;4.3.2&#8243;][\/et_pb_column][\/et_pb_row][\/et_pb_section]<\/p>\n","protected":false},"excerpt":{"rendered":"<p>[et_pb_section fb_built=&#8221;1&#8243; _builder_version=&#8221;4.3.2&#8243; background_enable_image=&#8221;off&#8221; collapsed=&#8221;off&#8221;][et_pb_row _builder_version=&#8221;4.3.2&#8243; background_size=&#8221;initial&#8221; background_position=&#8221;top_left&#8221; background_repeat=&#8221;repeat&#8221; custom_margin=&#8221;100px||100px||false|false&#8221;][et_pb_column type=&#8221;4_4&#8243; _builder_version=&#8221;3.25&#8243; custom_padding=&#8221;|||&#8221; custom_padding__hover=&#8221;|||&#8221;][\/et_pb_column][\/et_pb_row][\/et_pb_section][et_pb_section fb_built=&#8221;1&#8243; _builder_version=&#8221;4.3.2&#8243; background_image=&#8221;https:\/\/santarembasket.pt\/main\/wp-content\/uploads\/2025\/02\/Painel-1200.png&#8221; collapsed=&#8221;off&#8221;][et_pb_row _builder_version=&#8221;4.3.2&#8243; background_size=&#8221;initial&#8221; background_position=&#8221;top_left&#8221; background_repeat=&#8221;repeat&#8221; custom_margin=&#8221;100px||100px||false|false&#8221;][et_pb_column type=&#8221;4_4&#8243; _builder_version=&#8221;3.25&#8243; custom_padding=&#8221;|||&#8221; custom_padding__hover=&#8221;|||&#8221;][\/et_pb_column][\/et_pb_row][\/et_pb_section][et_pb_section fb_built=&#8221;1&#8243; _builder_version=&#8221;4.3.2&#8243; custom_padding=&#8221;16px|||||&#8221; collapsed=&#8221;off&#8221;][et_pb_row column_structure=&#8221;1_5,3_5,1_5&#8243; _builder_version=&#8221;4.3.2&#8243;][et_pb_column type=&#8221;1_5&#8243; _builder_version=&#8221;4.3.2&#8243;][\/et_pb_column][et_pb_column type=&#8221;3_5&#8243; _builder_version=&#8221;4.3.2&#8243;][et_pb_text _builder_version=&#8221;4.3.2&#8243;] HIST\u00d3RIA [\/et_pb_text][et_pb_text _builder_version=&#8221;4.3.2&#8243;] \u00a0 O Basquetebol foi no passado uma das modalidades desportivas mais praticadas e com [&hellip;]<\/p>\n","protected":false},"author":1,"featured_media":0,"parent":0,"menu_order":0,"comment_status":"closed","ping_status":"closed","template":"","meta":{"_et_pb_use_builder":"on","_et_pb_old_content":"","_et_gb_content_width":"","footnotes":""},"class_list":["post-519","page","type-page","status-publish","hentry"],"_links":{"self":[{"href":"https:\/\/santarembasket.pt\/main\/wp-json\/wp\/v2\/pages\/519","targetHints":{"allow":["GET"]}}],"collection":[{"href":"https:\/\/santarembasket.pt\/main\/wp-json\/wp\/v2\/pages"}],"about":[{"href":"https:\/\/santarembasket.pt\/main\/wp-json\/wp\/v2\/types\/page"}],"author":[{"embeddable":true,"href":"https:\/\/santarembasket.pt\/main\/wp-json\/wp\/v2\/users\/1"}],"replies":[{"embeddable":true,"href":"https:\/\/santarembasket.pt\/main\/wp-json\/wp\/v2\/comments?post=519"}],"version-history":[{"count":3,"href":"https:\/\/santarembasket.pt\/main\/wp-json\/wp\/v2\/pages\/519\/revisions"}],"predecessor-version":[{"id":525,"href":"https:\/\/santarembasket.pt\/main\/wp-json\/wp\/v2\/pages\/519\/revisions\/525"}],"wp:attachment":[{"href":"https:\/\/santarembasket.pt\/main\/wp-json\/wp\/v2\/media?parent=519"}],"curies":[{"name":"wp","href":"https:\/\/api.w.org\/{rel}","templated":true}]}}